1 + -28 + (37 - 19) + (7 - -1)?
-1
What is -7 - (24 - (51 + -1))?
19
What is the value of -45 + 16 + 26 + -12?
-15
What is -36 - 2 - (-89 + 74)?
-23
Calculate -19 + 19 + (-2 + 1 - 6).
-7
What is the value of (-6 + 10 - 5) + 8 - 6?
1
What is -7 + -1 - (-27 + 8 - -7)?
4
Evaluate 188 + -177 - (1 - -1).
9
Evaluate (-1 - (0 + -17)) + 334 + -335.
15
What is the value of 10 - (-9 + 22 - (9 + -1))?
5
Evaluate -123 + 128 - (-1 + 10).
-4
Calculate (-15 - -31 - 11) + (-22 - -3).
-14
What is the value of -18 + 43 + -21 - (-9 - -2)?
11
Calculate (-166 - -155) + (0 - (6 - 2)).
-15
Calculate 6 - (20 - (-10 - -34) - (12 - -1)).
23
Calculate -1 - 1 - (-4 + (5 - 10) + -4).
11
What is the value of (-15 + 0 + 17 - (-2 + -7)) + -10?
1
Calculate -1 + -1 + 2 - (448 + -461).
13
What is the value of 31 + (-59 - -12) + (-2 - -50)?
32
What is 9 - ((20 - 5) + -4) - (4 + -1)?
-5
Calculate -9 - (-4 + 3 + (-1 - -4) + -4).
-7
-4 + (9 - 18) - 15
-28
Evaluate 489 + -465 - (1 + -3 - (-1 - 7)).
18
Evaluate 6 - -39 - (35 + -23 - (0 - -4)).
37
What is (5 - -24) + -8 - (11 - 0 - 4)?
14
What is the value of 9 - ((5 - -5) + 9)?
-10
Calculate 2 + (-5 - 3) - 1 - (-59 + 64).
-12
What is the value of -178 - -183 - (-1 + -4)?
10
What is (-11 - (-16 - (11 - 20))) + 6?
2
Evaluate -7 - (-1 + 1) - (15 + -44).
22
Calculate 7 - 9 - -15 - (-3 - (1 + 7)).
24
What is -45 - -12 - ((13 + -1 - 7) + -4)?
-34
-3 - -6 - ((-3 - -19) + 10 + -9)
-14
What is -9 - ((2 + 0 - 4) + (65 - 77))?
5
Calculate -10 + -4 + (-31 - -17 - -44).
16
25 - (-17 - -88 - 36)
-10
Calculate 5 + (0 - 3) - (14 + -3 - 6).
-3
Calculate (1 - -14) + -12 + 11 + -34 + 32.
12
What is (-13 - (4 - 11)) + 6 + (-5 - 6)?
-11
51 - ((89 - 38) + -18)
18
What is the value of (-40 - -33) + 33 + 9?
35
Calculate (-14 - (-33 + 37)) + 20.
2
-16 - -8 - (-4 + (-8 - 29) + 4)
29
Evaluate 2 + (-3 - -4) + (-4 - (5 + -6)).
0
What is -1 + 0 + 0 + 7 + (6576 - 6558)?
24
Evaluate (13 - (3 - -24)) + -6.
-20
Calculate (2 - 0 - -7) + 128 + -133.
4
Calculate 4 + 15 + -14 + -5.
0
What is the value of -36 + 1 - (-143 - -102)?
6
Calculate -23 + 32 + (-6 - (13 + -6)) + 4.
0
-14 - (-16 - -13) - -5
-6
What is the value of 16 + (-5 + -31 - -16) + -5 + 1?
-8
What is -6 - 11 - (-14 + 10)?
-13
Calculate (-29 - -28) + (-2 - (-8 - (2 - 3))).
4
Evaluate -62 + 39 + 14 - (-1 - -12).
-20
What is (5 - (-5 + 4 + 3)) + (-10 - -12)?
5
What is the value of (20 - -1) + -36 + 4 + -6 + -2?
-19
What is 20 - (-32 + 57 - (1 + 16))?
12
What is 7 + -30 + 6 - 2 - 3?
-22
(-10 - (86 + -42)) + 1 + 15
-38
What is the value of 9 + (12 - (-10 + 5 + 1 - 1))?
26
Evaluate (-4 - 2 - (8 + (-2 - 5))) + -5.
-12
Calculate 5 + 7 + 5 + -7 + -11.
-1
What is the value of 4 - 22 - (-9 + 2 + -14)?
3
Calculate 30 - (-24 - (-49 + 35)).
40
Calculate 32 - (12 - (-26 - 8)).
-14
Calculate (-34 + 18 - -30) + -27.
-13
Evaluate 16 - (8 - (12 + -7)).
13
-20 + 32 + -33 + 1
-20
Calculate (-33 - -21 - -15) + 1 + (-2 - 1).
1
What is -13 + 0 + (-110 - -132)?
9
What is (3 - 10) + 1 + -10 - 10?
-26
Evaluate -16 + (4 - 4) - ((-4 - -14) + -17).
-9
What is the value of (5 - (-2 - (-2 - 6 - -17))) + -2?
14
What is the value of (4 - (-5 + 0 + 6)) + -1 - -8?
10
Calculate (-112 - -134) + (-7 - -1) + -9.
7
1 + 0 + 12 + -2834 + 2839
18
What is 34 - (2 - -29 - 13)?
16
23 - (-8 - (5 + (4 - 12 - 8)))
20
Calculate (-3 - -15) + -34 + 12.
-10
283 + -269 + (2 - 4 - -1)
13
What is the value of 1 - -17 - (-25 - -43 - 18)?
18
Calculate 3 - (-15 - (-62 + 24)).
-20
(24 + 2 - -13) + -57
-18
Evaluate -4 + (2 - (12 + -5) - -22).
13
-13 + (-10 - -17) - (-3 - (5 - -11))
13
Evaluate 930 + -961 - (-14 - (1 + 1)).
-15
Evaluate -18 - (0 + -15 + 9 + -2 - -3).
-13
Calculate -7 + (4 - (3 + -14)).
8
(0 - (-2 - 4)) + -6 - (0 + 2)
-2
Calculate -4 + 0 + 15 - (-4 - -8).
7
What is (1 - (2 + -5)) + 1 + -3 + 2?
4
What is 3 + -14 - (16 + -16)?
-11
What is -4 + (3 - (-8 + 2 + 1)) + -15?
-11
What is 2 - (20 + -24 + -2 + 4 + 3)?
1
Evaluate 179 - 204 - (-15 - 0).
-10
What is 29 - (29 + -23 + 9)?
14
What is the value of -25 + (30 - (31 + 2))?
-28
11 + -3 + 2 - (-9 + 16)
3
(-3 - 0) + (33 - -3 - 36)
-3
What is -11 + (-7 - ((11 - -4) + -13))?
-20
11 - (-8 - 34 - -22)
31
Calculate (-10 - (0 + 0)) + -422 + 408.
-24
What is the value of (4 + -1 - -3) + (-3 - -4) + -21?
-14
What is the value of 26 + -21 - (8 - 10)?
7
Calculate 1 - 36 - (-12 + -19 + 19).
-23
What is -6 + 3 + -5 + 16?
8
What is the value of -7 - -10 - (1 - ((0 - -4) + -11))?
-5
Calculate (-39 - -46) + -37 + 2 + -3.
-31
Calculate -2 + 2 + 2 - (-28 - (7 + -43)).
-6
7 - (-11 + 2 - -7) - (-16 - -8)
17
What is the value of 16 - (1 - 1) - (-13 + 3 + 7)?
19
What is the value of -5 + 2 + -205 + 211?
3
5 + (-33 - (6 + (-12 - -2)))
-24
What is -10 + (0 - 15 - -10)?
-15
Evaluate -1 + 2 + (-11 + 8 - -12).
10
Calculate -16 + 35 + -3 + -7.
9
Evaluate (1 + -10 - -4) + (1 - -8 - 1).
3
What is 13 + 9 + (-35 - 1) - (-1 - 0)?
-13
What is -142 + 138 + (1 - 6) + -1?
-10
Calculate 0 + (1 - 10 - (-24 + 16)) + 15.
14
-37 + (-4 - (11 - 81))
29
Evaluate -8 + 1 + 2 + 1 + 4 + -32.
-32
What is (5 - -4 - (24 + -16)) + -12?
-11
What is the value of -35 + 42 + 1 + -11 + 8 + -1?
4
Evaluate 4 + 1 + 33 + -34 + -2 + 13.
15
(10 - 9) + (1 - -1) + -15 + 1
-11
1 + -1 + 4 + (99 - (80 - -16))
7
What is (1 - -4) + 1 + (-9 - -5)?
2
What is the value of -17 + 9 + 18 - 14?
-4
Calculate (-12 - (-24 - -6)) + -2.
4
What is (9 - 5) + (-3 - -1 - -4) - 1?
5
Calculate -1 - (2 + -1 + (-15 - -31) + -19).
1
Calculate 9 - 13 - (0 + -3).
-1
What is (8 - 10) + 6 - (0 - 0)?
4
Evaluate -11 + 1 + -1 + (-22 - (100 + -104)).
-29
Calculate -9 - (23 + -9 + -8).
-15
Calculate (1 - 22) + (-9 - 2 - -4 - -7).
-21
What is the value of -62 - (-16 + -15) - -18?
-13
Calculate -3 + (5 - 2) - 5.
-5
Calculate 303 + -282 + -10 + -3.
8
Calculate 58 + -62 + (1 - -8).
5
Evaluate (-7 - (2 - 4 - 5)) + -3.
-3
Calculate -13 + -6 + 6 - (2 + -1).
-14
What is the value of 9 + -20 + (7 - 2 - 7)?
-13
Calculate (2 - (-11 + 4) - 9) + 9.
9
What is the value of 1642 + -1629 + (0 - -1) + 1?
15
What is 6 - (-16 - (-31 - -18))?
9
What is -1 - 27 - (383 + -405)?
-6
16 + (-10 - 8 - -12)
10
Calculate -2 - 11 - (-4 - (-7 + 2)).
-14
What is the value of 22 - (-29 - -56 - -19)?
-24
6 + 15 + (-8 - 20)
-7
Calculate -16 + 7 + 2 + 11 - (3 + -1).
2
Evaluate -2 + -10 + -1 + 3.
-10
Calculate 11 - (27 + -7 + -4).
-5
What is the value of 7 + (-13 - (9 + -11))?
-4
15 + -10 + (-13 - -14)
6
What is -10 + -5 + 23 + (-12 - -1) - 8?
-11
(6 - 2) + (91 - 106)
-11
What is the value of -10 + -41 + 60 + -1?
8
(3 - 0) + 0 + (32 - (-30 + 43))
22
0 + (-15 - -15) + 14
14
What is (-20 - (-3 - 35)) + -12?
6
(29 - 0) + (3 - 21)
11
Calculate (-6 - (-14 - -8)) + (5 - 0) + -1.
4
Calculate 1 + 31 + 21 + -33.
20
What is the value of -12 + (2 + (9 - 5) - -4)?
-2
Calculate (2 + -8 - -20) + (23 - 21).
16
Evaluate (2 - -12) + -693 + 661.
-18
Evaluate -9 - -5 - (7 - (-8 - -8)).
-11
Evaluate (0 - -43) + -1022 + 1013 - (-1 - 0).
35
609 + -613 - (-33 + 1)
28
Calculate -30 + 16 + 0 + (111 - 114).
-17
Evaluate (-2 - -2) + 0 - (186 + -171).
-15
What is the value of 0 - (0 + 24 + -2 + -9 + 8)?
-21
Calculate -5 + 0 + 58 + -46 + -1.
6
What is 67 + -63 + -1 + -5?
-2
Evaluate -2 + 2 + -1 - (-151 + 134).
16
Evaluate 6 + 2 + 2 + (-6 - -4) + 0.
8
(-8 - -2 - -9) + -24
-21
What is the value of 3 + -18 + 2 - (-254 + 253)?
-12
Calculate 171 + -165 + (-18 - (-1 - 1)) - -1.
-9
Evaluate -1 + (-21 - 7) - -20.
-9
16 + (-9 + -50 - -20)
-23
8 + (5 - (1 + 4) - 4)
4
What is the value of -36 + 25 + 5 - (2 - 23)?
15
What is the value of -3 + 14 - (19 - 3)?
-5
7 - (-4 + 5 + -8 + 4)
10
-19 + 42 + -14 - (1 + 6) - 6
-4
Evaluate -27 + (7 + -9 - -9 - 1).
-21
Calculate -4 + (6 - -12 - 8).
6
Evaluate 10 - (41 + -59 + (9 - 3) + 10).
12
Calculate 4 + (7 - 22 - -3) - 1 - 0.
-9
What is (-16 - -28) + (1 - 18)?
-5
Calculate (34 - 58) + (41 - -4).
21
What is the value of -1 + 3 - -4 - ((-1 - 3) + 2)?
8
Calculate -11 + 28 - 14 - 6.
-3
Evaluate 1 + -2 + (289 - 267).
21
What is (5 - 3) + (16 - -1 - 7)?
12
-20 + -20 + 33 - (-1 + -9 + 3)
0
What is -7 + -1 - (-8 - -2) - -4?
2
What is 6 + -5 - (-45 + 61)?
-15
What is 70 + -71 - (3 - 3 - -3)?
-4
What is the value of (-1 - -2) + (-18 + 8 - (3 + -18))?
6
4 - (8 + 0 - (64 + -34) - 1)
27
Calculate 2 + (-1 - -18 - (-4 + -2 + 9)).
16
What is -16 + 6 + (18 - 1